{"version":"1.0","provider_name":"Slick Automotive","provider_url":"https:\/\/slick-automotive.com\/fr\/","author_name":"Hugo","author_url":"https:\/\/slick-automotive.com\/fr\/author\/hugo\/","title":"Porsche 993 Carrera S - Slick Automotive","type":"rich","width":600,"height":338,"html":"<blockquote class=\"wp-embedded-content\" data-secret=\"PXZl5DyhkL\"><a href=\"https:\/\/slick-automotive.com\/fr\/vehicule\/porsche-911-993-carreras-vesuvio\/\">Porsche 993 Carrera S<\/a><\/blockquote><iframe sandbox=\"allow-scripts\" security=\"restricted\" src=\"https:\/\/slick-automotive.com\/fr\/vehicule\/porsche-911-993-carreras-vesuvio\/embed\/#?secret=PXZl5DyhkL\" width=\"600\" height=\"338\" title=\"\u00ab\u00a0Porsche 993 Carrera S\u00a0\u00bb &#8212; Slick Automotive\" data-secret=\"PXZl5DyhkL\" frameborder=\"0\" marginwidth=\"0\" marginheight=\"0\" scrolling=\"no\" class=\"wp-embedded-content\"><\/iframe><script type=\"text\/javascript\">\n\/* <![CDATA[ *\/\n\/*! This file is auto-generated *\/\n!function(d,l){\"use strict\";l.querySelector&&d.addEventListener&&\"undefined\"!=typeof URL&&(d.wp=d.wp||{},d.wp.receiveEmbedMessage||(d.wp.receiveEmbedMessage=function(e){var t=e.data;if((t||t.secret||t.message||t.value)&&!\/[^a-zA-Z0-9]\/.test(t.secret)){for(var s,r,n,a=l.querySelectorAll('iframe[data-secret=\"'+t.secret+'\"]'),o=l.querySelectorAll('blockquote[data-secret=\"'+t.secret+'\"]'),c=new RegExp(\"^https?:$\",\"i\"),i=0;i<o.length;i++)o[i].style.display=\"none\";for(i=0;i<a.length;i++)s=a[i],e.source===s.contentWindow&&(s.removeAttribute(\"style\"),\"height\"===t.message?(1e3<(r=parseInt(t.value,10))?r=1e3:~~r<200&&(r=200),s.height=r):\"link\"===t.message&&(r=new URL(s.getAttribute(\"src\")),n=new URL(t.value),c.test(n.protocol))&&n.host===r.host&&l.activeElement===s&&(d.top.location.href=t.value))}},d.addEventListener(\"message\",d.wp.receiveEmbedMessage,!1),l.addEventListener(\"DOMContentLoaded\",function(){for(var e,t,s=l.querySelectorAll(\"iframe.wp-embedded-content\"),r=0;r<s.length;r++)(t=(e=s[r]).getAttribute(\"data-secret\"))||(t=Math.random().toString(36).substring(2,12),e.src+=\"#?secret=\"+t,e.setAttribute(\"data-secret\",t)),e.contentWindow.postMessage({message:\"ready\",secret:t},\"*\")},!1)))}(window,document);\n\/* ]]> *\/\n<\/script>\n","thumbnail_url":"https:\/\/slick-automotive.com\/wp-content\/uploads\/2025\/12\/SLICK-52-2.jpg","thumbnail_width":2048,"thumbnail_height":1280,"description":"La Porsche 911 993 Carrera S Vesuvio \u00e9quip\u00e9e du tr\u00e8s convoit\u00e9 pack X51 fait partie des combinaisons les plus envi\u00e9es de la derni\u00e8re generation de 911 refroidie par air. Dans sa teinte Vesuvio M\u00e9tallis\u00e9, la voiture change subtilement de couleur entre le graphite, le violet et l\u2019argent fum\u00e9, mettant parfaitement en valeur les lignes de [&hellip;]"}

La Porsche 911 993 Carrera S Vesuvio équipée du très convoité pack X51 fait partie des combinaisons les plus enviées de la dernière generation de 911 refroidie par air. Dans sa teinte Vesuvio Métallisé, la voiture change subtilement de couleur entre le graphite, le violet et l’argent fumé, mettant parfaitement en valeur les lignes de [&hellip;]
