{"id":10277,"date":"2025-12-01T15:06:33","date_gmt":"2025-12-01T15:06:33","guid":{"rendered":"https:\/\/slick-automotive.com\/?post_type=listing&#038;p=10277"},"modified":"2026-02-26T15:04:42","modified_gmt":"2026-02-26T15:04:42","slug":"porsche-911-backdate","status":"publish","type":"listing","link":"https:\/\/slick-automotive.com\/fr\/vehicule\/porsche-911-backdate\/","title":{"rendered":"Porsche 911 Backdate 3.8"},"content":{"rendered":"<p style=\"font-weight: 400;\">Marque\u00a0: Porsche<br \/>\nMod\u00e8le : Backdate 3.8l (964 base)<br \/>\nCouleur : Light khaki<br \/>\nKM : 500<br \/>\nAnn\u00e9e : 1990<\/p>\n<p data-start=\"72\" data-end=\"244\">Cette Porsche 911 backdate absolument unique est n\u00e9e d\u2019une 964 enti\u00e8rement mise \u00e0 nu et reconstruite avec soin afin de retrouver le look intemporel des 911 classiques.<\/p>\n<p data-start=\"246\" data-end=\"394\">\u00c0 l\u2019arri\u00e8re, on retrouve un flat-six de 3,8 litres \u00e9quip\u00e9 de carburateurs PMO d\u00e9livrant 370 ch, accompagn\u00e9 d\u2019une ligne Cargraphic compl\u00e8te offrant \u00e0 cette pi\u00e8ce d&rsquo;exception une sonorit\u00e9 sensationnelle. La m\u00e9canique s\u2019appuie sur une bo\u00eete G50 \u00e0 5 rapports, et la suspension a \u00e9t\u00e9 modifi\u00e9e avec un kit amortisseurs Bilstein.<\/p>\n<p data-start=\"396\" data-end=\"653\">L\u2019habitacle est un v\u00e9ritable cocon alliant modernit\u00e9 et authenticit\u00e9, chaque pi\u00e8ce a \u00e9t\u00e9 s\u00e9lectionn\u00e9e et assembl\u00e9e afin d&rsquo;offrir \u00e0 cette 911 tout le confort actuel. On retrouve des si\u00e8ges baquets en carbone recouverts de cuir et tissu pepita sur mesure, l&rsquo;habillage et les finitions sont un mix alcantara et cuir, l&rsquo;arceau sur mesure est boulonn\u00e9 et a \u00e9t\u00e9 en partie recouvert de cuir et finalement, le tableau de bord a \u00e9t\u00e9 \u00e9galement revu avec de nouveaux instruments customs.<\/p>\n<p data-start=\"655\" data-end=\"830\" data-is-last-node=\"\" data-is-only-node=\"\">Cette 911 Backdate est un sublime mariage entre charme des 911 d\u2019\u00e9poque et performances r\u00e9solument modernes \u2014 une voiture de pur passionn\u00e9, fa\u00e7onn\u00e9e avec une attention extr\u00eame.<\/p>\n<p>Nous proposons \u00e9galement des projets sur mesure pour nos clients &#8211; si vous souhaitez en apprendre plus, contactez-nous via le formulaire sur le site internet www.slick-automotive.com<\/p>\n","protected":false},"featured_media":10290,"comment_status":"open","ping_status":"closed","template":"","meta":{"inline_featured_image":false,"_links_to":"","_links_to_target":""},"listing_condition":[394],"listing_label":[293],"listing_category":[545],"listing_type":[],"listing_make":[215],"listing_model":[310],"listing_offer_type":[],"listing_drive_type":[396],"listing_transmission":[388],"listing_fuel_type":[382],"listing_cylinder":[362],"listing_color":[],"listing_door":[213],"listing_feature_category":[],"listing_feature":[],"yoast_head":"<!-- This site is optimized with the Yoast SEO plugin v22.9 - https:\/\/yoast.com\/wordpress\/plugins\/seo\/ -->\n<title>Porsche 911 Backdate 3.8 - Slick Automotive<\/title>\n<meta name=\"robots\" content=\"noindex, follow\" \/>\n<meta property=\"og:locale\" content=\"fr_FR\" \/>\n<meta property=\"og:type\" content=\"article\" \/>\n<meta property=\"og:title\" content=\"Porsche 911 Backdate 3.8 - Slick Automotive\" \/>\n<meta property=\"og:description\" content=\"Marque\u00a0: Porsche Mod\u00e8le : Backdate 3.8l (964 base) Couleur : Light khaki KM : 500 Ann\u00e9e : 1990 Cette Porsche 911 backdate absolument unique est n\u00e9e d\u2019une 964 enti\u00e8rement mise \u00e0 nu et reconstruite avec soin afin de retrouver le look intemporel des 911 classiques. \u00c0 l\u2019arri\u00e8re, on retrouve un flat-six de 3,8 litres \u00e9quip\u00e9 [&hellip;]\" \/>\n<meta property=\"og:url\" content=\"https:\/\/slick-automotive.com\/fr\/vehicule\/porsche-911-backdate\/\" \/>\n<meta property=\"og:site_name\" content=\"Slick Automotive\" \/>\n<meta property=\"article:modified_time\" content=\"2026-02-26T15:04:42+00:00\" \/>\n<meta property=\"og:image\" content=\"https:\/\/slick-automotive.com\/wp-content\/uploads\/2025\/12\/SLICK-31-2.jpg\" \/>\n\t<meta property=\"og:image:width\" content=\"2048\" \/>\n\t<meta property=\"og:image:height\" content=\"1280\" \/>\n\t<meta property=\"og:image:type\" content=\"image\/jpeg\" \/>\n<meta name=\"twitter:card\" content=\"summary_large_image\" \/>\n<meta name=\"twitter:label1\" content=\"Dur\u00e9e de lecture estim\u00e9e\" \/>\n\t<meta name=\"twitter:data1\" content=\"2 minutes\" \/>\n<script type=\"application\/ld+json\" class=\"yoast-schema-graph\">{\"@context\":\"https:\/\/schema.org\",\"@graph\":[{\"@type\":\"WebPage\",\"@id\":\"https:\/\/slick-automotive.com\/fr\/vehicule\/porsche-911-backdate\/\",\"url\":\"https:\/\/slick-automotive.com\/fr\/vehicule\/porsche-911-backdate\/\",\"name\":\"Porsche 911 Backdate 3.8 - Slick Automotive\",\"isPartOf\":{\"@id\":\"https:\/\/slick-automotive.com\/fr\/#website\"},\"primaryImageOfPage\":{\"@id\":\"https:\/\/slick-automotive.com\/fr\/vehicule\/porsche-911-backdate\/#primaryimage\"},\"image\":{\"@id\":\"https:\/\/slick-automotive.com\/fr\/vehicule\/porsche-911-backdate\/#primaryimage\"},\"thumbnailUrl\":\"https:\/\/slick-automotive.com\/wp-content\/uploads\/2025\/12\/SLICK-31-2.jpg\",\"datePublished\":\"2025-12-01T15:06:33+00:00\",\"dateModified\":\"2026-02-26T15:04:42+00:00\",\"breadcrumb\":{\"@id\":\"https:\/\/slick-automotive.com\/fr\/vehicule\/porsche-911-backdate\/#breadcrumb\"},\"inLanguage\":\"fr-FR\",\"potentialAction\":[{\"@type\":\"ReadAction\",\"target\":[\"https:\/\/slick-automotive.com\/fr\/vehicule\/porsche-911-backdate\/\"]}]},{\"@type\":\"ImageObject\",\"inLanguage\":\"fr-FR\",\"@id\":\"https:\/\/slick-automotive.com\/fr\/vehicule\/porsche-911-backdate\/#primaryimage\",\"url\":\"https:\/\/slick-automotive.com\/wp-content\/uploads\/2025\/12\/SLICK-31-2.jpg\",\"contentUrl\":\"https:\/\/slick-automotive.com\/wp-content\/uploads\/2025\/12\/SLICK-31-2.jpg\",\"width\":2048,\"height\":1280},{\"@type\":\"BreadcrumbList\",\"@id\":\"https:\/\/slick-automotive.com\/fr\/vehicule\/porsche-911-backdate\/#breadcrumb\",\"itemListElement\":[{\"@type\":\"ListItem\",\"position\":1,\"name\":\"Accueil\",\"item\":\"https:\/\/slick-automotive.com\/fr\/\"},{\"@type\":\"ListItem\",\"position\":2,\"name\":\"Listings\",\"item\":\"https:\/\/slick-automotive.com\/fr\/vehicules\/\"},{\"@type\":\"ListItem\",\"position\":3,\"name\":\"Porsche 911 Backdate 3.8\"}]},{\"@type\":\"WebSite\",\"@id\":\"https:\/\/slick-automotive.com\/fr\/#website\",\"url\":\"https:\/\/slick-automotive.com\/fr\/\",\"name\":\"Slick Automotive\",\"description\":\"\",\"potentialAction\":[{\"@type\":\"SearchAction\",\"target\":{\"@type\":\"EntryPoint\",\"urlTemplate\":\"https:\/\/slick-automotive.com\/fr\/?s={search_term_string}\"},\"query-input\":\"required name=search_term_string\"}],\"inLanguage\":\"fr-FR\"}]}<\/script>\n<!-- \/ Yoast SEO plugin. -->","yoast_head_json":{"title":"Porsche 911 Backdate 3.8 - Slick Automotive","robots":{"index":"noindex","follow":"follow"},"og_locale":"fr_FR","og_type":"article","og_title":"Porsche 911 Backdate 3.8 - Slick Automotive","og_description":"Marque\u00a0: Porsche Mod\u00e8le : Backdate 3.8l (964 base) Couleur : Light khaki KM : 500 Ann\u00e9e : 1990 Cette Porsche 911 backdate absolument unique est n\u00e9e d\u2019une 964 enti\u00e8rement mise \u00e0 nu et reconstruite avec soin afin de retrouver le look intemporel des 911 classiques. \u00c0 l\u2019arri\u00e8re, on retrouve un flat-six de 3,8 litres \u00e9quip\u00e9 [&hellip;]","og_url":"https:\/\/slick-automotive.com\/fr\/vehicule\/porsche-911-backdate\/","og_site_name":"Slick Automotive","article_modified_time":"2026-02-26T15:04:42+00:00","og_image":[{"width":2048,"height":1280,"url":"https:\/\/slick-automotive.com\/wp-content\/uploads\/2025\/12\/SLICK-31-2.jpg","type":"image\/jpeg"}],"twitter_card":"summary_large_image","twitter_misc":{"Dur\u00e9e de lecture estim\u00e9e":"2 minutes"},"schema":{"@context":"https:\/\/schema.org","@graph":[{"@type":"WebPage","@id":"https:\/\/slick-automotive.com\/fr\/vehicule\/porsche-911-backdate\/","url":"https:\/\/slick-automotive.com\/fr\/vehicule\/porsche-911-backdate\/","name":"Porsche 911 Backdate 3.8 - Slick Automotive","isPartOf":{"@id":"https:\/\/slick-automotive.com\/fr\/#website"},"primaryImageOfPage":{"@id":"https:\/\/slick-automotive.com\/fr\/vehicule\/porsche-911-backdate\/#primaryimage"},"image":{"@id":"https:\/\/slick-automotive.com\/fr\/vehicule\/porsche-911-backdate\/#primaryimage"},"thumbnailUrl":"https:\/\/slick-automotive.com\/wp-content\/uploads\/2025\/12\/SLICK-31-2.jpg","datePublished":"2025-12-01T15:06:33+00:00","dateModified":"2026-02-26T15:04:42+00:00","breadcrumb":{"@id":"https:\/\/slick-automotive.com\/fr\/vehicule\/porsche-911-backdate\/#breadcrumb"},"inLanguage":"fr-FR","potentialAction":[{"@type":"ReadAction","target":["https:\/\/slick-automotive.com\/fr\/vehicule\/porsche-911-backdate\/"]}]},{"@type":"ImageObject","inLanguage":"fr-FR","@id":"https:\/\/slick-automotive.com\/fr\/vehicule\/porsche-911-backdate\/#primaryimage","url":"https:\/\/slick-automotive.com\/wp-content\/uploads\/2025\/12\/SLICK-31-2.jpg","contentUrl":"https:\/\/slick-automotive.com\/wp-content\/uploads\/2025\/12\/SLICK-31-2.jpg","width":2048,"height":1280},{"@type":"BreadcrumbList","@id":"https:\/\/slick-automotive.com\/fr\/vehicule\/porsche-911-backdate\/#breadcrumb","itemListElement":[{"@type":"ListItem","position":1,"name":"Accueil","item":"https:\/\/slick-automotive.com\/fr\/"},{"@type":"ListItem","position":2,"name":"Listings","item":"https:\/\/slick-automotive.com\/fr\/vehicules\/"},{"@type":"ListItem","position":3,"name":"Porsche 911 Backdate 3.8"}]},{"@type":"WebSite","@id":"https:\/\/slick-automotive.com\/fr\/#website","url":"https:\/\/slick-automotive.com\/fr\/","name":"Slick Automotive","description":"","potentialAction":[{"@type":"SearchAction","target":{"@type":"EntryPoint","urlTemplate":"https:\/\/slick-automotive.com\/fr\/?s={search_term_string}"},"query-input":"required name=search_term_string"}],"inLanguage":"fr-FR"}]}},"_links":{"self":[{"href":"https:\/\/slick-automotive.com\/fr\/wp-json\/wp\/v2\/listing\/10277"}],"collection":[{"href":"https:\/\/slick-automotive.com\/fr\/wp-json\/wp\/v2\/listing"}],"about":[{"href":"https:\/\/slick-automotive.com\/fr\/wp-json\/wp\/v2\/types\/listing"}],"replies":[{"embeddable":true,"href":"https:\/\/slick-automotive.com\/fr\/wp-json\/wp\/v2\/comments?post=10277"}],"wp:featuredmedia":[{"embeddable":true,"href":"https:\/\/slick-automotive.com\/fr\/wp-json\/wp\/v2\/media\/10290"}],"wp:attachment":[{"href":"https:\/\/slick-automotive.com\/fr\/wp-json\/wp\/v2\/media?parent=10277"}],"wp:term":[{"taxonomy":"listing_condition","embeddable":true,"href":"https:\/\/slick-automotive.com\/fr\/wp-json\/wp\/v2\/listing_condition?post=10277"},{"taxonomy":"listing_label","embeddable":true,"href":"https:\/\/slick-automotive.com\/fr\/wp-json\/wp\/v2\/listing_label?post=10277"},{"taxonomy":"listing_category","embeddable":true,"href":"https:\/\/slick-automotive.com\/fr\/wp-json\/wp\/v2\/listing_category?post=10277"},{"taxonomy":"listing_type","embeddable":true,"href":"https:\/\/slick-automotive.com\/fr\/wp-json\/wp\/v2\/listing_type?post=10277"},{"taxonomy":"listing_make","embeddable":true,"href":"https:\/\/slick-automotive.com\/fr\/wp-json\/wp\/v2\/listing_make?post=10277"},{"taxonomy":"listing_model","embeddable":true,"href":"https:\/\/slick-automotive.com\/fr\/wp-json\/wp\/v2\/listing_model?post=10277"},{"taxonomy":"listing_offer_type","embeddable":true,"href":"https:\/\/slick-automotive.com\/fr\/wp-json\/wp\/v2\/listing_offer_type?post=10277"},{"taxonomy":"listing_drive_type","embeddable":true,"href":"https:\/\/slick-automotive.com\/fr\/wp-json\/wp\/v2\/listing_drive_type?post=10277"},{"taxonomy":"listing_transmission","embeddable":true,"href":"https:\/\/slick-automotive.com\/fr\/wp-json\/wp\/v2\/listing_transmission?post=10277"},{"taxonomy":"listing_fuel_type","embeddable":true,"href":"https:\/\/slick-automotive.com\/fr\/wp-json\/wp\/v2\/listing_fuel_type?post=10277"},{"taxonomy":"listing_cylinder","embeddable":true,"href":"https:\/\/slick-automotive.com\/fr\/wp-json\/wp\/v2\/listing_cylinder?post=10277"},{"taxonomy":"listing_color","embeddable":true,"href":"https:\/\/slick-automotive.com\/fr\/wp-json\/wp\/v2\/listing_color?post=10277"},{"taxonomy":"listing_door","embeddable":true,"href":"https:\/\/slick-automotive.com\/fr\/wp-json\/wp\/v2\/listing_door?post=10277"},{"taxonomy":"listing_feature_category","embeddable":true,"href":"https:\/\/slick-automotive.com\/fr\/wp-json\/wp\/v2\/listing_feature_category?post=10277"},{"taxonomy":"listing_feature","embeddable":true,"href":"https:\/\/slick-automotive.com\/fr\/wp-json\/wp\/v2\/listing_feature?post=10277"}],"curies":[{"name":"wp","href":"https:\/\/api.w.org\/{rel}","templated":true}]}}

<p style="font-weight: 400;">Marque : Porsche<br />
Modèle : Backdate 3.8l (964 base)<br />
Couleur : Light khaki<br />
KM : 500<br />
Année : 1990</p>
<p data-start="72" data-end="244">Cette Porsche 911 backdate absolument unique est née d’une 964 entièrement mise à nu et reconstruite avec soin afin de retrouver le look intemporel des 911 classiques.</p>
<p data-start="246" data-end="394">À l’arrière, on retrouve un flat-six de 3,8 litres équipé de carburateurs PMO délivrant 370 ch, accompagné d’une ligne Cargraphic complète offrant à cette pièce d&rsquo;exception une sonorité sensationnelle. La mécanique s’appuie sur une boîte G50 à 5 rapports, et la suspension a été modifiée avec un kit amortisseurs Bilstein.</p>
<p data-start="396" data-end="653">L’habitacle est un véritable cocon alliant modernité et authenticité, chaque pièce a été sélectionnée et assemblée afin d&rsquo;offrir à cette 911 tout le confort actuel. On retrouve des sièges baquets en carbone recouverts de cuir et tissu pepita sur mesure, l&rsquo;habillage et les finitions sont un mix alcantara et cuir, l&rsquo;arceau sur mesure est boulonné et a été en partie recouvert de cuir et finalement, le tableau de bord a été également revu avec de nouveaux instruments customs.</p>
<p data-start="655" data-end="830" data-is-last-node="" data-is-only-node="">Cette 911 Backdate est un sublime mariage entre charme des 911 d’époque et performances résolument modernes — une voiture de pur passionné, façonnée avec une attention extrême.</p>
<p>Nous proposons également des projets sur mesure pour nos clients &#8211; si vous souhaitez en apprendre plus, contactez-nous via le formulaire sur le site internet www.slick-automotive.com</p>

<!-- This site is optimized with the Yoast SEO plugin v22.9 - https://yoast.com/wordpress/plugins/seo/ -->
<title>Porsche 911 Backdate 3.8 - Slick Automotive</title>
<meta name="robots" content="noindex, follow" />
<meta property="og:locale" content="fr_FR" />
<meta property="og:type" content="article" />
<meta property="og:title" content="Porsche 911 Backdate 3.8 - Slick Automotive" />
<meta property="og:description" content="Marque : Porsche Modèle : Backdate 3.8l (964 base) Couleur : Light khaki KM : 500 Année : 1990 Cette Porsche 911 backdate absolument unique est née d’une 964 entièrement mise à nu et reconstruite avec soin afin de retrouver le look intemporel des 911 classiques. À l’arrière, on retrouve un flat-six de 3,8 litres équipé [&hellip;]" />
<meta property="og:url" content="https://slick-automotive.com/fr/vehicule/porsche-911-backdate/" />
<meta property="og:site_name" content="Slick Automotive" />
<meta property="article:modified_time" content="2026-02-26T15:04:42+00:00" />
<meta property="og:image" content="https://slick-automotive.com/wp-content/uploads/2025/12/SLICK-31-2.jpg" />
	<meta property="og:image:width" content="2048" />
	<meta property="og:image:height" content="1280" />
	<meta property="og:image:type" content="image/jpeg" />
<meta name="twitter:card" content="summary_large_image" />
<meta name="twitter:label1" content="Durée de lecture estimée" />
	<meta name="twitter:data1" content="2 minutes" />
<script type="application/ld+json" class="yoast-schema-graph">{"@context":"https://schema.org","@graph":[{"@type":"WebPage","@id":"https://slick-automotive.com/fr/vehicule/porsche-911-backdate/","url":"https://slick-automotive.com/fr/vehicule/porsche-911-backdate/","name":"Porsche 911 Backdate 3.8 - Slick Automotive","isPartOf":{"@id":"https://slick-automotive.com/fr/#website"},"primaryImageOfPage":{"@id":"https://slick-automotive.com/fr/vehicule/porsche-911-backdate/#primaryimage"},"image":{"@id":"https://slick-automotive.com/fr/vehicule/porsche-911-backdate/#primaryimage"},"thumbnailUrl":"https://slick-automotive.com/wp-content/uploads/2025/12/SLICK-31-2.jpg","datePublished":"2025-12-01T15:06:33+00:00","dateModified":"2026-02-26T15:04:42+00:00","breadcrumb":{"@id":"https://slick-automotive.com/fr/vehicule/porsche-911-backdate/#breadcrumb"},"inLanguage":"fr-FR","potentialAction":[{"@type":"ReadAction","target":["https://slick-automotive.com/fr/vehicule/porsche-911-backdate/"]}]},{"@type":"ImageObject","inLanguage":"fr-FR","@id":"https://slick-automotive.com/fr/vehicule/porsche-911-backdate/#primaryimage","url":"https://slick-automotive.com/wp-content/uploads/2025/12/SLICK-31-2.jpg","contentUrl":"https://slick-automotive.com/wp-content/uploads/2025/12/SLICK-31-2.jpg","width":2048,"height":1280},{"@type":"BreadcrumbList","@id":"https://slick-automotive.com/fr/vehicule/porsche-911-backdate/#breadcrumb","itemListElement":[{"@type":"ListItem","position":1,"name":"Accueil","item":"https://slick-automotive.com/fr/"},{"@type":"ListItem","position":2,"name":"Listings","item":"https://slick-automotive.com/fr/vehicules/"},{"@type":"ListItem","position":3,"name":"Porsche 911 Backdate 3.8"}]},{"@type":"WebSite","@id":"https://slick-automotive.com/fr/#website","url":"https://slick-automotive.com/fr/","name":"Slick Automotive","description":"","potentialAction":[{"@type":"SearchAction","target":{"@type":"EntryPoint","urlTemplate":"https://slick-automotive.com/fr/?s={search_term_string}"},"query-input":"required name=search_term_string"}],"inLanguage":"fr-FR"}]}</script>
<!-- / Yoast SEO plugin. -->

Marque : Porsche Modèle : Backdate 3.8l (964 base) Couleur : Light khaki KM : 500 Année : 1990 Cette Porsche 911 backdate absolument unique est née d’une 964 entièrement mise à nu et reconstruite avec soin afin de retrouver le look intemporel des 911 classiques. À l’arrière, on retrouve un flat-six de 3,8 litres équipé [&hellip;]
