{"id":10316,"date":"2025-12-01T15:37:08","date_gmt":"2025-12-01T15:37:08","guid":{"rendered":"https:\/\/slick-automotive.com\/?post_type=listing&#038;p=10316"},"modified":"2026-02-26T15:06:43","modified_gmt":"2026-02-26T15:06:43","slug":"porsche-911-993-carreras-vesuvio","status":"publish","type":"listing","link":"https:\/\/slick-automotive.com\/fr\/vehicule\/porsche-911-993-carreras-vesuvio\/","title":{"rendered":"Porsche 993 Carrera S"},"content":{"rendered":"<p style=\"font-weight: 400;\">La Porsche 911 993 Carrera S Vesuvio \u00e9quip\u00e9e du tr\u00e8s convoit\u00e9 pack X51 fait partie des combinaisons les plus envi\u00e9es de la derni\u00e8re generation de 911 refroidie par air. Dans sa teinte Vesuvio M\u00e9tallis\u00e9, la voiture change subtilement de couleur entre le graphite, le violet et l\u2019argent fum\u00e9, mettant parfaitement en valeur les lignes de cette 993. Avec ses ailes Turbo Look, mais sans aileron, elle offre une pr\u00e9sence sur la route qui ne laisse personne indiff\u00e9rent.<\/p>\n<p>Ce qui distingue r\u00e9ellement cet exemplaire est le pack X51 : une pr\u00e9paration d\u2019usine qui pousse le flat-six 3.6 \u00e0 un niveau sup\u00e9rieur avec des culasses retravaill\u00e9es, des arbres \u00e0 cames plus agressifs, une admission revue et une cartographie moteur sp\u00e9cifique. R\u00e9sultat : une r\u00e9ponse de p\u00e9dale plus vive, une mont\u00e9e en r\u00e9gime plus nerveuse et une sonorit\u00e9 plus m\u00e9tallique et authentique, tout en restant fid\u00e8le au caract\u00e8re d\u2019origine de la voiture.<\/p>\n<p>Entre la raret\u00e9 naturelle d\u2019une Carrera S, la teinte Vesuvio unique et le fameux X51, cette 993 est un collector: raffin\u00e9, au charme brut qui marque les esprits d\u00e8s le premier regard.<\/p>\n<p>Marque\u00a0: Porsche<br \/>\nMod\u00e8le : 993 Carrera S Vesuvio (X51)<br \/>\nCouleur : Vesuvio Metallic<br \/>\nKM : 101.929<br \/>\nAnn\u00e9e : 08\/1997<\/p>\n<p>Historique:<br \/>\nCarnet d\u2019entretien complet<br \/>\nRapport historique et kilom\u00e9trage<br \/>\nPas d\u2019historique d\u2019accident connu<br \/>\nVoiture fran\u00e7aise<\/p>\n<p>Options:<br \/>\nC05: Pays de livraison: France<br \/>\n220: Diff\u00e9rentiel \u00e0 glissement limit\u00e9<br \/>\n224: ABD Automatic break differential<br \/>\n235: Pneus Pirelli N2<br \/>\n408: Jantes 18&Prime;<br \/>\n425: Essuie glace arri\u00e8re<br \/>\n573: Climatisation<br \/>\n602: Troisi\u00e8me feu stop<br \/>\n650: Toit ouvrant<br \/>\n659: Ordinateur de bord<br \/>\n939: Si\u00e8ges arri\u00e8re en cuir<br \/>\n982: Si\u00e8ges en cuir souple<br \/>\nX51: Kit moteur Carrera<\/p>\n","protected":false},"featured_media":10317,"comment_status":"open","ping_status":"closed","template":"","meta":{"inline_featured_image":false,"_links_to":"","_links_to_target":""},"listing_condition":[394],"listing_label":[293],"listing_category":[545],"listing_type":[],"listing_make":[215],"listing_model":[310],"listing_offer_type":[],"listing_drive_type":[396],"listing_transmission":[388],"listing_fuel_type":[382],"listing_cylinder":[362],"listing_color":[],"listing_door":[213],"listing_feature_category":[],"listing_feature":[],"yoast_head":"<!-- This site is optimized with the Yoast SEO plugin v22.9 - https:\/\/yoast.com\/wordpress\/plugins\/seo\/ -->\n<title>Porsche 993 Carrera S - Slick Automotive<\/title>\n<meta name=\"robots\" content=\"noindex, follow\" \/>\n<meta property=\"og:locale\" content=\"fr_FR\" \/>\n<meta property=\"og:type\" content=\"article\" \/>\n<meta property=\"og:title\" content=\"Porsche 993 Carrera S - Slick Automotive\" \/>\n<meta property=\"og:description\" content=\"La Porsche 911 993 Carrera S Vesuvio \u00e9quip\u00e9e du tr\u00e8s convoit\u00e9 pack X51 fait partie des combinaisons les plus envi\u00e9es de la derni\u00e8re generation de 911 refroidie par air. Dans sa teinte Vesuvio M\u00e9tallis\u00e9, la voiture change subtilement de couleur entre le graphite, le violet et l\u2019argent fum\u00e9, mettant parfaitement en valeur les lignes de [&hellip;]\" \/>\n<meta property=\"og:url\" content=\"https:\/\/slick-automotive.com\/fr\/vehicule\/porsche-911-993-carreras-vesuvio\/\" \/>\n<meta property=\"og:site_name\" content=\"Slick Automotive\" \/>\n<meta property=\"article:modified_time\" content=\"2026-02-26T15:06:43+00:00\" \/>\n<meta property=\"og:image\" content=\"https:\/\/slick-automotive.com\/wp-content\/uploads\/2025\/12\/SLICK-52-2.jpg\" \/>\n\t<meta property=\"og:image:width\" content=\"2048\" \/>\n\t<meta property=\"og:image:height\" content=\"1280\" \/>\n\t<meta property=\"og:image:type\" content=\"image\/jpeg\" \/>\n<meta name=\"twitter:card\" content=\"summary_large_image\" \/>\n<meta name=\"twitter:label1\" content=\"Dur\u00e9e de lecture estim\u00e9e\" \/>\n\t<meta name=\"twitter:data1\" content=\"2 minutes\" \/>\n<script type=\"application\/ld+json\" class=\"yoast-schema-graph\">{\"@context\":\"https:\/\/schema.org\",\"@graph\":[{\"@type\":\"WebPage\",\"@id\":\"https:\/\/slick-automotive.com\/fr\/vehicule\/porsche-911-993-carreras-vesuvio\/\",\"url\":\"https:\/\/slick-automotive.com\/fr\/vehicule\/porsche-911-993-carreras-vesuvio\/\",\"name\":\"Porsche 993 Carrera S - Slick Automotive\",\"isPartOf\":{\"@id\":\"https:\/\/slick-automotive.com\/fr\/#website\"},\"primaryImageOfPage\":{\"@id\":\"https:\/\/slick-automotive.com\/fr\/vehicule\/porsche-911-993-carreras-vesuvio\/#primaryimage\"},\"image\":{\"@id\":\"https:\/\/slick-automotive.com\/fr\/vehicule\/porsche-911-993-carreras-vesuvio\/#primaryimage\"},\"thumbnailUrl\":\"https:\/\/slick-automotive.com\/wp-content\/uploads\/2025\/12\/SLICK-52-2.jpg\",\"datePublished\":\"2025-12-01T15:37:08+00:00\",\"dateModified\":\"2026-02-26T15:06:43+00:00\",\"breadcrumb\":{\"@id\":\"https:\/\/slick-automotive.com\/fr\/vehicule\/porsche-911-993-carreras-vesuvio\/#breadcrumb\"},\"inLanguage\":\"fr-FR\",\"potentialAction\":[{\"@type\":\"ReadAction\",\"target\":[\"https:\/\/slick-automotive.com\/fr\/vehicule\/porsche-911-993-carreras-vesuvio\/\"]}]},{\"@type\":\"ImageObject\",\"inLanguage\":\"fr-FR\",\"@id\":\"https:\/\/slick-automotive.com\/fr\/vehicule\/porsche-911-993-carreras-vesuvio\/#primaryimage\",\"url\":\"https:\/\/slick-automotive.com\/wp-content\/uploads\/2025\/12\/SLICK-52-2.jpg\",\"contentUrl\":\"https:\/\/slick-automotive.com\/wp-content\/uploads\/2025\/12\/SLICK-52-2.jpg\",\"width\":2048,\"height\":1280},{\"@type\":\"BreadcrumbList\",\"@id\":\"https:\/\/slick-automotive.com\/fr\/vehicule\/porsche-911-993-carreras-vesuvio\/#breadcrumb\",\"itemListElement\":[{\"@type\":\"ListItem\",\"position\":1,\"name\":\"Accueil\",\"item\":\"https:\/\/slick-automotive.com\/fr\/\"},{\"@type\":\"ListItem\",\"position\":2,\"name\":\"Listings\",\"item\":\"https:\/\/slick-automotive.com\/fr\/vehicules\/\"},{\"@type\":\"ListItem\",\"position\":3,\"name\":\"Porsche 993 Carrera S\"}]},{\"@type\":\"WebSite\",\"@id\":\"https:\/\/slick-automotive.com\/fr\/#website\",\"url\":\"https:\/\/slick-automotive.com\/fr\/\",\"name\":\"Slick Automotive\",\"description\":\"\",\"potentialAction\":[{\"@type\":\"SearchAction\",\"target\":{\"@type\":\"EntryPoint\",\"urlTemplate\":\"https:\/\/slick-automotive.com\/fr\/?s={search_term_string}\"},\"query-input\":\"required name=search_term_string\"}],\"inLanguage\":\"fr-FR\"}]}<\/script>\n<!-- \/ Yoast SEO plugin. -->","yoast_head_json":{"title":"Porsche 993 Carrera S - Slick Automotive","robots":{"index":"noindex","follow":"follow"},"og_locale":"fr_FR","og_type":"article","og_title":"Porsche 993 Carrera S - Slick Automotive","og_description":"La Porsche 911 993 Carrera S Vesuvio \u00e9quip\u00e9e du tr\u00e8s convoit\u00e9 pack X51 fait partie des combinaisons les plus envi\u00e9es de la derni\u00e8re generation de 911 refroidie par air. Dans sa teinte Vesuvio M\u00e9tallis\u00e9, la voiture change subtilement de couleur entre le graphite, le violet et l\u2019argent fum\u00e9, mettant parfaitement en valeur les lignes de [&hellip;]","og_url":"https:\/\/slick-automotive.com\/fr\/vehicule\/porsche-911-993-carreras-vesuvio\/","og_site_name":"Slick Automotive","article_modified_time":"2026-02-26T15:06:43+00:00","og_image":[{"width":2048,"height":1280,"url":"https:\/\/slick-automotive.com\/wp-content\/uploads\/2025\/12\/SLICK-52-2.jpg","type":"image\/jpeg"}],"twitter_card":"summary_large_image","twitter_misc":{"Dur\u00e9e de lecture estim\u00e9e":"2 minutes"},"schema":{"@context":"https:\/\/schema.org","@graph":[{"@type":"WebPage","@id":"https:\/\/slick-automotive.com\/fr\/vehicule\/porsche-911-993-carreras-vesuvio\/","url":"https:\/\/slick-automotive.com\/fr\/vehicule\/porsche-911-993-carreras-vesuvio\/","name":"Porsche 993 Carrera S - Slick Automotive","isPartOf":{"@id":"https:\/\/slick-automotive.com\/fr\/#website"},"primaryImageOfPage":{"@id":"https:\/\/slick-automotive.com\/fr\/vehicule\/porsche-911-993-carreras-vesuvio\/#primaryimage"},"image":{"@id":"https:\/\/slick-automotive.com\/fr\/vehicule\/porsche-911-993-carreras-vesuvio\/#primaryimage"},"thumbnailUrl":"https:\/\/slick-automotive.com\/wp-content\/uploads\/2025\/12\/SLICK-52-2.jpg","datePublished":"2025-12-01T15:37:08+00:00","dateModified":"2026-02-26T15:06:43+00:00","breadcrumb":{"@id":"https:\/\/slick-automotive.com\/fr\/vehicule\/porsche-911-993-carreras-vesuvio\/#breadcrumb"},"inLanguage":"fr-FR","potentialAction":[{"@type":"ReadAction","target":["https:\/\/slick-automotive.com\/fr\/vehicule\/porsche-911-993-carreras-vesuvio\/"]}]},{"@type":"ImageObject","inLanguage":"fr-FR","@id":"https:\/\/slick-automotive.com\/fr\/vehicule\/porsche-911-993-carreras-vesuvio\/#primaryimage","url":"https:\/\/slick-automotive.com\/wp-content\/uploads\/2025\/12\/SLICK-52-2.jpg","contentUrl":"https:\/\/slick-automotive.com\/wp-content\/uploads\/2025\/12\/SLICK-52-2.jpg","width":2048,"height":1280},{"@type":"BreadcrumbList","@id":"https:\/\/slick-automotive.com\/fr\/vehicule\/porsche-911-993-carreras-vesuvio\/#breadcrumb","itemListElement":[{"@type":"ListItem","position":1,"name":"Accueil","item":"https:\/\/slick-automotive.com\/fr\/"},{"@type":"ListItem","position":2,"name":"Listings","item":"https:\/\/slick-automotive.com\/fr\/vehicules\/"},{"@type":"ListItem","position":3,"name":"Porsche 993 Carrera S"}]},{"@type":"WebSite","@id":"https:\/\/slick-automotive.com\/fr\/#website","url":"https:\/\/slick-automotive.com\/fr\/","name":"Slick Automotive","description":"","potentialAction":[{"@type":"SearchAction","target":{"@type":"EntryPoint","urlTemplate":"https:\/\/slick-automotive.com\/fr\/?s={search_term_string}"},"query-input":"required name=search_term_string"}],"inLanguage":"fr-FR"}]}},"_links":{"self":[{"href":"https:\/\/slick-automotive.com\/fr\/wp-json\/wp\/v2\/listing\/10316"}],"collection":[{"href":"https:\/\/slick-automotive.com\/fr\/wp-json\/wp\/v2\/listing"}],"about":[{"href":"https:\/\/slick-automotive.com\/fr\/wp-json\/wp\/v2\/types\/listing"}],"replies":[{"embeddable":true,"href":"https:\/\/slick-automotive.com\/fr\/wp-json\/wp\/v2\/comments?post=10316"}],"wp:featuredmedia":[{"embeddable":true,"href":"https:\/\/slick-automotive.com\/fr\/wp-json\/wp\/v2\/media\/10317"}],"wp:attachment":[{"href":"https:\/\/slick-automotive.com\/fr\/wp-json\/wp\/v2\/media?parent=10316"}],"wp:term":[{"taxonomy":"listing_condition","embeddable":true,"href":"https:\/\/slick-automotive.com\/fr\/wp-json\/wp\/v2\/listing_condition?post=10316"},{"taxonomy":"listing_label","embeddable":true,"href":"https:\/\/slick-automotive.com\/fr\/wp-json\/wp\/v2\/listing_label?post=10316"},{"taxonomy":"listing_category","embeddable":true,"href":"https:\/\/slick-automotive.com\/fr\/wp-json\/wp\/v2\/listing_category?post=10316"},{"taxonomy":"listing_type","embeddable":true,"href":"https:\/\/slick-automotive.com\/fr\/wp-json\/wp\/v2\/listing_type?post=10316"},{"taxonomy":"listing_make","embeddable":true,"href":"https:\/\/slick-automotive.com\/fr\/wp-json\/wp\/v2\/listing_make?post=10316"},{"taxonomy":"listing_model","embeddable":true,"href":"https:\/\/slick-automotive.com\/fr\/wp-json\/wp\/v2\/listing_model?post=10316"},{"taxonomy":"listing_offer_type","embeddable":true,"href":"https:\/\/slick-automotive.com\/fr\/wp-json\/wp\/v2\/listing_offer_type?post=10316"},{"taxonomy":"listing_drive_type","embeddable":true,"href":"https:\/\/slick-automotive.com\/fr\/wp-json\/wp\/v2\/listing_drive_type?post=10316"},{"taxonomy":"listing_transmission","embeddable":true,"href":"https:\/\/slick-automotive.com\/fr\/wp-json\/wp\/v2\/listing_transmission?post=10316"},{"taxonomy":"listing_fuel_type","embeddable":true,"href":"https:\/\/slick-automotive.com\/fr\/wp-json\/wp\/v2\/listing_fuel_type?post=10316"},{"taxonomy":"listing_cylinder","embeddable":true,"href":"https:\/\/slick-automotive.com\/fr\/wp-json\/wp\/v2\/listing_cylinder?post=10316"},{"taxonomy":"listing_color","embeddable":true,"href":"https:\/\/slick-automotive.com\/fr\/wp-json\/wp\/v2\/listing_color?post=10316"},{"taxonomy":"listing_door","embeddable":true,"href":"https:\/\/slick-automotive.com\/fr\/wp-json\/wp\/v2\/listing_door?post=10316"},{"taxonomy":"listing_feature_category","embeddable":true,"href":"https:\/\/slick-automotive.com\/fr\/wp-json\/wp\/v2\/listing_feature_category?post=10316"},{"taxonomy":"listing_feature","embeddable":true,"href":"https:\/\/slick-automotive.com\/fr\/wp-json\/wp\/v2\/listing_feature?post=10316"}],"curies":[{"name":"wp","href":"https:\/\/api.w.org\/{rel}","templated":true}]}}

<p style="font-weight: 400;">La Porsche 911 993 Carrera S Vesuvio équipée du très convoité pack X51 fait partie des combinaisons les plus enviées de la dernière generation de 911 refroidie par air. Dans sa teinte Vesuvio Métallisé, la voiture change subtilement de couleur entre le graphite, le violet et l’argent fumé, mettant parfaitement en valeur les lignes de cette 993. Avec ses ailes Turbo Look, mais sans aileron, elle offre une présence sur la route qui ne laisse personne indifférent.</p>
<p>Ce qui distingue réellement cet exemplaire est le pack X51 : une préparation d’usine qui pousse le flat-six 3.6 à un niveau supérieur avec des culasses retravaillées, des arbres à cames plus agressifs, une admission revue et une cartographie moteur spécifique. Résultat : une réponse de pédale plus vive, une montée en régime plus nerveuse et une sonorité plus métallique et authentique, tout en restant fidèle au caractère d’origine de la voiture.</p>
<p>Entre la rareté naturelle d’une Carrera S, la teinte Vesuvio unique et le fameux X51, cette 993 est un collector: raffiné, au charme brut qui marque les esprits dès le premier regard.</p>
<p>Marque : Porsche<br />
Modèle : 993 Carrera S Vesuvio (X51)<br />
Couleur : Vesuvio Metallic<br />
KM : 101.929<br />
Année : 08/1997</p>
<p>Historique:<br />
Carnet d’entretien complet<br />
Rapport historique et kilométrage<br />
Pas d’historique d’accident connu<br />
Voiture française</p>
<p>Options:<br />
C05: Pays de livraison: France<br />
220: Différentiel à glissement limité<br />
224: ABD Automatic break differential<br />
235: Pneus Pirelli N2<br />
408: Jantes 18&Prime;<br />
425: Essuie glace arrière<br />
573: Climatisation<br />
602: Troisième feu stop<br />
650: Toit ouvrant<br />
659: Ordinateur de bord<br />
939: Sièges arrière en cuir<br />
982: Sièges en cuir souple<br />
X51: Kit moteur Carrera</p>

<!-- This site is optimized with the Yoast SEO plugin v22.9 - https://yoast.com/wordpress/plugins/seo/ -->
<title>Porsche 993 Carrera S - Slick Automotive</title>
<meta name="robots" content="noindex, follow" />
<meta property="og:locale" content="fr_FR" />
<meta property="og:type" content="article" />
<meta property="og:title" content="Porsche 993 Carrera S - Slick Automotive" />
<meta property="og:description" content="La Porsche 911 993 Carrera S Vesuvio équipée du très convoité pack X51 fait partie des combinaisons les plus enviées de la dernière generation de 911 refroidie par air. Dans sa teinte Vesuvio Métallisé, la voiture change subtilement de couleur entre le graphite, le violet et l’argent fumé, mettant parfaitement en valeur les lignes de [&hellip;]" />
<meta property="og:url" content="https://slick-automotive.com/fr/vehicule/porsche-911-993-carreras-vesuvio/" />
<meta property="og:site_name" content="Slick Automotive" />
<meta property="article:modified_time" content="2026-02-26T15:06:43+00:00" />
<meta property="og:image" content="https://slick-automotive.com/wp-content/uploads/2025/12/SLICK-52-2.jpg" />
	<meta property="og:image:width" content="2048" />
	<meta property="og:image:height" content="1280" />
	<meta property="og:image:type" content="image/jpeg" />
<meta name="twitter:card" content="summary_large_image" />
<meta name="twitter:label1" content="Durée de lecture estimée" />
	<meta name="twitter:data1" content="2 minutes" />
<script type="application/ld+json" class="yoast-schema-graph">{"@context":"https://schema.org","@graph":[{"@type":"WebPage","@id":"https://slick-automotive.com/fr/vehicule/porsche-911-993-carreras-vesuvio/","url":"https://slick-automotive.com/fr/vehicule/porsche-911-993-carreras-vesuvio/","name":"Porsche 993 Carrera S - Slick Automotive","isPartOf":{"@id":"https://slick-automotive.com/fr/#website"},"primaryImageOfPage":{"@id":"https://slick-automotive.com/fr/vehicule/porsche-911-993-carreras-vesuvio/#primaryimage"},"image":{"@id":"https://slick-automotive.com/fr/vehicule/porsche-911-993-carreras-vesuvio/#primaryimage"},"thumbnailUrl":"https://slick-automotive.com/wp-content/uploads/2025/12/SLICK-52-2.jpg","datePublished":"2025-12-01T15:37:08+00:00","dateModified":"2026-02-26T15:06:43+00:00","breadcrumb":{"@id":"https://slick-automotive.com/fr/vehicule/porsche-911-993-carreras-vesuvio/#breadcrumb"},"inLanguage":"fr-FR","potentialAction":[{"@type":"ReadAction","target":["https://slick-automotive.com/fr/vehicule/porsche-911-993-carreras-vesuvio/"]}]},{"@type":"ImageObject","inLanguage":"fr-FR","@id":"https://slick-automotive.com/fr/vehicule/porsche-911-993-carreras-vesuvio/#primaryimage","url":"https://slick-automotive.com/wp-content/uploads/2025/12/SLICK-52-2.jpg","contentUrl":"https://slick-automotive.com/wp-content/uploads/2025/12/SLICK-52-2.jpg","width":2048,"height":1280},{"@type":"BreadcrumbList","@id":"https://slick-automotive.com/fr/vehicule/porsche-911-993-carreras-vesuvio/#breadcrumb","itemListElement":[{"@type":"ListItem","position":1,"name":"Accueil","item":"https://slick-automotive.com/fr/"},{"@type":"ListItem","position":2,"name":"Listings","item":"https://slick-automotive.com/fr/vehicules/"},{"@type":"ListItem","position":3,"name":"Porsche 993 Carrera S"}]},{"@type":"WebSite","@id":"https://slick-automotive.com/fr/#website","url":"https://slick-automotive.com/fr/","name":"Slick Automotive","description":"","potentialAction":[{"@type":"SearchAction","target":{"@type":"EntryPoint","urlTemplate":"https://slick-automotive.com/fr/?s={search_term_string}"},"query-input":"required name=search_term_string"}],"inLanguage":"fr-FR"}]}</script>
<!-- / Yoast SEO plugin. -->

La Porsche 911 993 Carrera S Vesuvio équipée du très convoité pack X51 fait partie des combinaisons les plus enviées de la dernière generation de 911 refroidie par air. Dans sa teinte Vesuvio Métallisé, la voiture change subtilement de couleur entre le graphite, le violet et l’argent fumé, mettant parfaitement en valeur les lignes de [&hellip;]
