{"id":9767,"date":"2025-04-17T14:21:57","date_gmt":"2025-04-17T14:21:57","guid":{"rendered":"https:\/\/slick-automotive.com\/?post_type=listing&#038;p=9767"},"modified":"2025-10-03T11:54:05","modified_gmt":"2025-10-03T11:54:05","slug":"bmw-z8","status":"publish","type":"listing","link":"https:\/\/slick-automotive.com\/fr\/vehicule\/bmw-z8\/","title":{"rendered":"BMW Z8"},"content":{"rendered":"<p style=\"font-weight: 400;\">La BMW Z8 est un roadster exceptionnel qui allie un design r\u00e9tro \u00e0 des performances digne des GT actuelles. Produite de 1999 \u00e0 2003, la Z8 rend hommage \u00e0 la l\u00e9gendaire BMW 507 des ann\u00e9es 1950, avec des lignes \u00e9pur\u00e9es et un long capot lui offrant une \u00e9l\u00e9gance rare. Sous celui-ci se cache un moteur V8 de 4,9 litres issu de la BMW M5, d\u00e9veloppant 394 chevaux et offrant une exp\u00e9rience de conduite bluffante. Construite sur un ch\u00e2ssis en aluminium avec une r\u00e9partition des masses presque parfaite, la Z8 offre une maniabilit\u00e9 exceptionnelle et un int\u00e9rieur luxueux bien que minimaliste. Aujourd&rsquo;hui, la Z8 est une voiture de collection recherch\u00e9e, admir\u00e9e pour son style intemporel et sa raret\u00e9.<\/p>\n<p style=\"font-weight: 400;\">Marque: BMW<br \/>\nMod\u00e8le: Z8<br \/>\nCouleur: Noir brillant<br \/>\nKM: 105.410<br \/>\nPremi\u00e8re immatriculation: 08\/2000<\/p>\n<p style=\"font-weight: 400;\">Historique:<br \/>\nPas d\u2019historique d\u2019accident<br \/>\nTous les papiers et carnets<\/p>\n<p>Historique d&rsquo;entretien:<br \/>\n03\/2012 \u2013 7.049 km<br \/>\n08\/2012 \u2013 10.677 km<br \/>\n06\/2014 \u2013 17.057 km<br \/>\n07\/2016 \u2013 29.074 km<br \/>\n05\/2017 \u2013 33.973 km<br \/>\n07\/2019 \u2013 43.572 km<br \/>\n05\/2022 \u2013 58.559 km<br \/>\n<span style=\"font-weight: 400;\">12\/2024 \u2013 59.434 km<\/span><\/p>\n<p style=\"font-weight: 400;\">Options:<br \/>\n6XK R\u00e9troviseurs ext\u00e9rieurs : \u00e0 gradation automatique, rabattables\/r\u00e9glables\/chauffants \u00e9lectriquement<br \/>\nQ1D Si\u00e8ges avant sport<br \/>\n4GQ Pare-brise en verre thermo-isolant<br \/>\n3L5 R\u00e9glage \u00e9lectrique des deux si\u00e8ges avant<br \/>\n1XW Volant sport multifonction garni de cuir<br \/>\n1BE : Suspension sport\/amortissement des chocs<br \/>\n7X4 : Contr\u00f4le de la distance de stationnement, avant et arri\u00e8re<br \/>\n8EX : Phares \u00e0 LED<\/p>\n","protected":false},"featured_media":9768,"comment_status":"open","ping_status":"closed","template":"","meta":{"inline_featured_image":false,"_links_to":"","_links_to_target":""},"listing_condition":[394],"listing_label":[290],"listing_category":[544],"listing_type":[],"listing_make":[300],"listing_model":[457],"listing_offer_type":[],"listing_drive_type":[396],"listing_transmission":[388],"listing_fuel_type":[382],"listing_cylinder":[363],"listing_color":[],"listing_door":[213],"listing_feature_category":[],"listing_feature":[],"yoast_head":"<!-- This site is optimized with the Yoast SEO plugin v22.9 - https:\/\/yoast.com\/wordpress\/plugins\/seo\/ -->\n<title>BMW Z8 - Slick Automotive<\/title>\n<meta name=\"robots\" content=\"noindex, follow\" \/>\n<meta property=\"og:locale\" content=\"fr_FR\" \/>\n<meta property=\"og:type\" content=\"article\" \/>\n<meta property=\"og:title\" content=\"BMW Z8 - Slick Automotive\" \/>\n<meta property=\"og:description\" content=\"La BMW Z8 est un roadster exceptionnel qui allie un design r\u00e9tro \u00e0 des performances digne des GT actuelles. Produite de 1999 \u00e0 2003, la Z8 rend hommage \u00e0 la l\u00e9gendaire BMW 507 des ann\u00e9es 1950, avec des lignes \u00e9pur\u00e9es et un long capot lui offrant une \u00e9l\u00e9gance rare. Sous celui-ci se cache un moteur [&hellip;]\" \/>\n<meta property=\"og:url\" content=\"https:\/\/slick-automotive.com\/fr\/vehicule\/bmw-z8\/\" \/>\n<meta property=\"og:site_name\" content=\"Slick Automotive\" \/>\n<meta property=\"article:modified_time\" content=\"2025-10-03T11:54:05+00:00\" \/>\n<meta property=\"og:image\" content=\"https:\/\/slick-automotive.com\/wp-content\/uploads\/2025\/04\/SLICK-080.jpg\" \/>\n\t<meta property=\"og:image:width\" content=\"2048\" \/>\n\t<meta property=\"og:image:height\" content=\"1280\" \/>\n\t<meta property=\"og:image:type\" content=\"image\/jpeg\" \/>\n<meta name=\"twitter:card\" content=\"summary_large_image\" \/>\n<meta name=\"twitter:label1\" content=\"Dur\u00e9e de lecture estim\u00e9e\" \/>\n\t<meta name=\"twitter:data1\" content=\"2 minutes\" \/>\n<script type=\"application\/ld+json\" class=\"yoast-schema-graph\">{\"@context\":\"https:\/\/schema.org\",\"@graph\":[{\"@type\":\"WebPage\",\"@id\":\"https:\/\/slick-automotive.com\/fr\/vehicule\/bmw-z8\/\",\"url\":\"https:\/\/slick-automotive.com\/fr\/vehicule\/bmw-z8\/\",\"name\":\"BMW Z8 - Slick Automotive\",\"isPartOf\":{\"@id\":\"https:\/\/slick-automotive.com\/fr\/#website\"},\"primaryImageOfPage\":{\"@id\":\"https:\/\/slick-automotive.com\/fr\/vehicule\/bmw-z8\/#primaryimage\"},\"image\":{\"@id\":\"https:\/\/slick-automotive.com\/fr\/vehicule\/bmw-z8\/#primaryimage\"},\"thumbnailUrl\":\"https:\/\/slick-automotive.com\/wp-content\/uploads\/2025\/04\/SLICK-080.jpg\",\"datePublished\":\"2025-04-17T14:21:57+00:00\",\"dateModified\":\"2025-10-03T11:54:05+00:00\",\"breadcrumb\":{\"@id\":\"https:\/\/slick-automotive.com\/fr\/vehicule\/bmw-z8\/#breadcrumb\"},\"inLanguage\":\"fr-FR\",\"potentialAction\":[{\"@type\":\"ReadAction\",\"target\":[\"https:\/\/slick-automotive.com\/fr\/vehicule\/bmw-z8\/\"]}]},{\"@type\":\"ImageObject\",\"inLanguage\":\"fr-FR\",\"@id\":\"https:\/\/slick-automotive.com\/fr\/vehicule\/bmw-z8\/#primaryimage\",\"url\":\"https:\/\/slick-automotive.com\/wp-content\/uploads\/2025\/04\/SLICK-080.jpg\",\"contentUrl\":\"https:\/\/slick-automotive.com\/wp-content\/uploads\/2025\/04\/SLICK-080.jpg\",\"width\":2048,\"height\":1280},{\"@type\":\"BreadcrumbList\",\"@id\":\"https:\/\/slick-automotive.com\/fr\/vehicule\/bmw-z8\/#breadcrumb\",\"itemListElement\":[{\"@type\":\"ListItem\",\"position\":1,\"name\":\"Accueil\",\"item\":\"https:\/\/slick-automotive.com\/fr\/\"},{\"@type\":\"ListItem\",\"position\":2,\"name\":\"Listings\",\"item\":\"https:\/\/slick-automotive.com\/fr\/vehicules\/\"},{\"@type\":\"ListItem\",\"position\":3,\"name\":\"BMW Z8\"}]},{\"@type\":\"WebSite\",\"@id\":\"https:\/\/slick-automotive.com\/fr\/#website\",\"url\":\"https:\/\/slick-automotive.com\/fr\/\",\"name\":\"Slick Automotive\",\"description\":\"\",\"potentialAction\":[{\"@type\":\"SearchAction\",\"target\":{\"@type\":\"EntryPoint\",\"urlTemplate\":\"https:\/\/slick-automotive.com\/fr\/?s={search_term_string}\"},\"query-input\":\"required name=search_term_string\"}],\"inLanguage\":\"fr-FR\"}]}<\/script>\n<!-- \/ Yoast SEO plugin. -->","yoast_head_json":{"title":"BMW Z8 - Slick Automotive","robots":{"index":"noindex","follow":"follow"},"og_locale":"fr_FR","og_type":"article","og_title":"BMW Z8 - Slick Automotive","og_description":"La BMW Z8 est un roadster exceptionnel qui allie un design r\u00e9tro \u00e0 des performances digne des GT actuelles. Produite de 1999 \u00e0 2003, la Z8 rend hommage \u00e0 la l\u00e9gendaire BMW 507 des ann\u00e9es 1950, avec des lignes \u00e9pur\u00e9es et un long capot lui offrant une \u00e9l\u00e9gance rare. Sous celui-ci se cache un moteur [&hellip;]","og_url":"https:\/\/slick-automotive.com\/fr\/vehicule\/bmw-z8\/","og_site_name":"Slick Automotive","article_modified_time":"2025-10-03T11:54:05+00:00","og_image":[{"width":2048,"height":1280,"url":"https:\/\/slick-automotive.com\/wp-content\/uploads\/2025\/04\/SLICK-080.jpg","type":"image\/jpeg"}],"twitter_card":"summary_large_image","twitter_misc":{"Dur\u00e9e de lecture estim\u00e9e":"2 minutes"},"schema":{"@context":"https:\/\/schema.org","@graph":[{"@type":"WebPage","@id":"https:\/\/slick-automotive.com\/fr\/vehicule\/bmw-z8\/","url":"https:\/\/slick-automotive.com\/fr\/vehicule\/bmw-z8\/","name":"BMW Z8 - Slick Automotive","isPartOf":{"@id":"https:\/\/slick-automotive.com\/fr\/#website"},"primaryImageOfPage":{"@id":"https:\/\/slick-automotive.com\/fr\/vehicule\/bmw-z8\/#primaryimage"},"image":{"@id":"https:\/\/slick-automotive.com\/fr\/vehicule\/bmw-z8\/#primaryimage"},"thumbnailUrl":"https:\/\/slick-automotive.com\/wp-content\/uploads\/2025\/04\/SLICK-080.jpg","datePublished":"2025-04-17T14:21:57+00:00","dateModified":"2025-10-03T11:54:05+00:00","breadcrumb":{"@id":"https:\/\/slick-automotive.com\/fr\/vehicule\/bmw-z8\/#breadcrumb"},"inLanguage":"fr-FR","potentialAction":[{"@type":"ReadAction","target":["https:\/\/slick-automotive.com\/fr\/vehicule\/bmw-z8\/"]}]},{"@type":"ImageObject","inLanguage":"fr-FR","@id":"https:\/\/slick-automotive.com\/fr\/vehicule\/bmw-z8\/#primaryimage","url":"https:\/\/slick-automotive.com\/wp-content\/uploads\/2025\/04\/SLICK-080.jpg","contentUrl":"https:\/\/slick-automotive.com\/wp-content\/uploads\/2025\/04\/SLICK-080.jpg","width":2048,"height":1280},{"@type":"BreadcrumbList","@id":"https:\/\/slick-automotive.com\/fr\/vehicule\/bmw-z8\/#breadcrumb","itemListElement":[{"@type":"ListItem","position":1,"name":"Accueil","item":"https:\/\/slick-automotive.com\/fr\/"},{"@type":"ListItem","position":2,"name":"Listings","item":"https:\/\/slick-automotive.com\/fr\/vehicules\/"},{"@type":"ListItem","position":3,"name":"BMW Z8"}]},{"@type":"WebSite","@id":"https:\/\/slick-automotive.com\/fr\/#website","url":"https:\/\/slick-automotive.com\/fr\/","name":"Slick Automotive","description":"","potentialAction":[{"@type":"SearchAction","target":{"@type":"EntryPoint","urlTemplate":"https:\/\/slick-automotive.com\/fr\/?s={search_term_string}"},"query-input":"required name=search_term_string"}],"inLanguage":"fr-FR"}]}},"_links":{"self":[{"href":"https:\/\/slick-automotive.com\/fr\/wp-json\/wp\/v2\/listing\/9767"}],"collection":[{"href":"https:\/\/slick-automotive.com\/fr\/wp-json\/wp\/v2\/listing"}],"about":[{"href":"https:\/\/slick-automotive.com\/fr\/wp-json\/wp\/v2\/types\/listing"}],"replies":[{"embeddable":true,"href":"https:\/\/slick-automotive.com\/fr\/wp-json\/wp\/v2\/comments?post=9767"}],"wp:featuredmedia":[{"embeddable":true,"href":"https:\/\/slick-automotive.com\/fr\/wp-json\/wp\/v2\/media\/9768"}],"wp:attachment":[{"href":"https:\/\/slick-automotive.com\/fr\/wp-json\/wp\/v2\/media?parent=9767"}],"wp:term":[{"taxonomy":"listing_condition","embeddable":true,"href":"https:\/\/slick-automotive.com\/fr\/wp-json\/wp\/v2\/listing_condition?post=9767"},{"taxonomy":"listing_label","embeddable":true,"href":"https:\/\/slick-automotive.com\/fr\/wp-json\/wp\/v2\/listing_label?post=9767"},{"taxonomy":"listing_category","embeddable":true,"href":"https:\/\/slick-automotive.com\/fr\/wp-json\/wp\/v2\/listing_category?post=9767"},{"taxonomy":"listing_type","embeddable":true,"href":"https:\/\/slick-automotive.com\/fr\/wp-json\/wp\/v2\/listing_type?post=9767"},{"taxonomy":"listing_make","embeddable":true,"href":"https:\/\/slick-automotive.com\/fr\/wp-json\/wp\/v2\/listing_make?post=9767"},{"taxonomy":"listing_model","embeddable":true,"href":"https:\/\/slick-automotive.com\/fr\/wp-json\/wp\/v2\/listing_model?post=9767"},{"taxonomy":"listing_offer_type","embeddable":true,"href":"https:\/\/slick-automotive.com\/fr\/wp-json\/wp\/v2\/listing_offer_type?post=9767"},{"taxonomy":"listing_drive_type","embeddable":true,"href":"https:\/\/slick-automotive.com\/fr\/wp-json\/wp\/v2\/listing_drive_type?post=9767"},{"taxonomy":"listing_transmission","embeddable":true,"href":"https:\/\/slick-automotive.com\/fr\/wp-json\/wp\/v2\/listing_transmission?post=9767"},{"taxonomy":"listing_fuel_type","embeddable":true,"href":"https:\/\/slick-automotive.com\/fr\/wp-json\/wp\/v2\/listing_fuel_type?post=9767"},{"taxonomy":"listing_cylinder","embeddable":true,"href":"https:\/\/slick-automotive.com\/fr\/wp-json\/wp\/v2\/listing_cylinder?post=9767"},{"taxonomy":"listing_color","embeddable":true,"href":"https:\/\/slick-automotive.com\/fr\/wp-json\/wp\/v2\/listing_color?post=9767"},{"taxonomy":"listing_door","embeddable":true,"href":"https:\/\/slick-automotive.com\/fr\/wp-json\/wp\/v2\/listing_door?post=9767"},{"taxonomy":"listing_feature_category","embeddable":true,"href":"https:\/\/slick-automotive.com\/fr\/wp-json\/wp\/v2\/listing_feature_category?post=9767"},{"taxonomy":"listing_feature","embeddable":true,"href":"https:\/\/slick-automotive.com\/fr\/wp-json\/wp\/v2\/listing_feature?post=9767"}],"curies":[{"name":"wp","href":"https:\/\/api.w.org\/{rel}","templated":true}]}}

<p style="font-weight: 400;">La BMW Z8 est un roadster exceptionnel qui allie un design rétro à des performances digne des GT actuelles. Produite de 1999 à 2003, la Z8 rend hommage à la légendaire BMW 507 des années 1950, avec des lignes épurées et un long capot lui offrant une élégance rare. Sous celui-ci se cache un moteur V8 de 4,9 litres issu de la BMW M5, développant 394 chevaux et offrant une expérience de conduite bluffante. Construite sur un châssis en aluminium avec une répartition des masses presque parfaite, la Z8 offre une maniabilité exceptionnelle et un intérieur luxueux bien que minimaliste. Aujourd&rsquo;hui, la Z8 est une voiture de collection recherchée, admirée pour son style intemporel et sa rareté.</p>
<p style="font-weight: 400;">Marque: BMW<br />
Modèle: Z8<br />
Couleur: Noir brillant<br />
KM: 105.410<br />
Première immatriculation: 08/2000</p>
<p style="font-weight: 400;">Historique:<br />
Pas d’historique d’accident<br />
Tous les papiers et carnets</p>
<p>Historique d&rsquo;entretien:<br />
03/2012 – 7.049 km<br />
08/2012 – 10.677 km<br />
06/2014 – 17.057 km<br />
07/2016 – 29.074 km<br />
05/2017 – 33.973 km<br />
07/2019 – 43.572 km<br />
05/2022 – 58.559 km<br />
<span style="font-weight: 400;">12/2024 – 59.434 km</span></p>
<p style="font-weight: 400;">Options:<br />
6XK Rétroviseurs extérieurs : à gradation automatique, rabattables/réglables/chauffants électriquement<br />
Q1D Sièges avant sport<br />
4GQ Pare-brise en verre thermo-isolant<br />
3L5 Réglage électrique des deux sièges avant<br />
1XW Volant sport multifonction garni de cuir<br />
1BE : Suspension sport/amortissement des chocs<br />
7X4 : Contrôle de la distance de stationnement, avant et arrière<br />
8EX : Phares à LED</p>

<!-- This site is optimized with the Yoast SEO plugin v22.9 - https://yoast.com/wordpress/plugins/seo/ -->
<title>BMW Z8 - Slick Automotive</title>
<meta name="robots" content="noindex, follow" />
<meta property="og:locale" content="fr_FR" />
<meta property="og:type" content="article" />
<meta property="og:title" content="BMW Z8 - Slick Automotive" />
<meta property="og:description" content="La BMW Z8 est un roadster exceptionnel qui allie un design rétro à des performances digne des GT actuelles. Produite de 1999 à 2003, la Z8 rend hommage à la légendaire BMW 507 des années 1950, avec des lignes épurées et un long capot lui offrant une élégance rare. Sous celui-ci se cache un moteur [&hellip;]" />
<meta property="og:url" content="https://slick-automotive.com/fr/vehicule/bmw-z8/" />
<meta property="og:site_name" content="Slick Automotive" />
<meta property="article:modified_time" content="2025-10-03T11:54:05+00:00" />
<meta property="og:image" content="https://slick-automotive.com/wp-content/uploads/2025/04/SLICK-080.jpg" />
	<meta property="og:image:width" content="2048" />
	<meta property="og:image:height" content="1280" />
	<meta property="og:image:type" content="image/jpeg" />
<meta name="twitter:card" content="summary_large_image" />
<meta name="twitter:label1" content="Durée de lecture estimée" />
	<meta name="twitter:data1" content="2 minutes" />
<script type="application/ld+json" class="yoast-schema-graph">{"@context":"https://schema.org","@graph":[{"@type":"WebPage","@id":"https://slick-automotive.com/fr/vehicule/bmw-z8/","url":"https://slick-automotive.com/fr/vehicule/bmw-z8/","name":"BMW Z8 - Slick Automotive","isPartOf":{"@id":"https://slick-automotive.com/fr/#website"},"primaryImageOfPage":{"@id":"https://slick-automotive.com/fr/vehicule/bmw-z8/#primaryimage"},"image":{"@id":"https://slick-automotive.com/fr/vehicule/bmw-z8/#primaryimage"},"thumbnailUrl":"https://slick-automotive.com/wp-content/uploads/2025/04/SLICK-080.jpg","datePublished":"2025-04-17T14:21:57+00:00","dateModified":"2025-10-03T11:54:05+00:00","breadcrumb":{"@id":"https://slick-automotive.com/fr/vehicule/bmw-z8/#breadcrumb"},"inLanguage":"fr-FR","potentialAction":[{"@type":"ReadAction","target":["https://slick-automotive.com/fr/vehicule/bmw-z8/"]}]},{"@type":"ImageObject","inLanguage":"fr-FR","@id":"https://slick-automotive.com/fr/vehicule/bmw-z8/#primaryimage","url":"https://slick-automotive.com/wp-content/uploads/2025/04/SLICK-080.jpg","contentUrl":"https://slick-automotive.com/wp-content/uploads/2025/04/SLICK-080.jpg","width":2048,"height":1280},{"@type":"BreadcrumbList","@id":"https://slick-automotive.com/fr/vehicule/bmw-z8/#breadcrumb","itemListElement":[{"@type":"ListItem","position":1,"name":"Accueil","item":"https://slick-automotive.com/fr/"},{"@type":"ListItem","position":2,"name":"Listings","item":"https://slick-automotive.com/fr/vehicules/"},{"@type":"ListItem","position":3,"name":"BMW Z8"}]},{"@type":"WebSite","@id":"https://slick-automotive.com/fr/#website","url":"https://slick-automotive.com/fr/","name":"Slick Automotive","description":"","potentialAction":[{"@type":"SearchAction","target":{"@type":"EntryPoint","urlTemplate":"https://slick-automotive.com/fr/?s={search_term_string}"},"query-input":"required name=search_term_string"}],"inLanguage":"fr-FR"}]}</script>
<!-- / Yoast SEO plugin. -->

La BMW Z8 est un roadster exceptionnel qui allie un design rétro à des performances digne des GT actuelles. Produite de 1999 à 2003, la Z8 rend hommage à la légendaire BMW 507 des années 1950, avec des lignes épurées et un long capot lui offrant une élégance rare. Sous celui-ci se cache un moteur [&hellip;]
